 2436729680 a multiple of 17?
True
Does 447 divide 3513134814?
True
Is 9 a factor of 3670043641?
False
Does 2846 divide 13259389?
False
Is 12 a factor of 11957522?
False
Is 12485 a factor of 383588914?
False
Is 41104890 a multiple of 290?
True
Is 878178202 a multiple of 814?
True
Is 819018284 a multiple of 5711?
False
Is 135216545 a multiple of 24?
False
Is 167 a factor of 251955906?
True
Is 259356879 a multiple of 22?
False
Is 141 a factor of 152835511?
False
Does 6 divide 119601597?
False
Does 2028 divide 388351885?
False
Is 513 a factor of 245264787?
True
Is 10314717 a multiple of 1484?
False
Does 717 divide 2593229109?
True
Does 109 divide 71093942?
True
Is 7 a factor of 3371558?
False
Is 114 a factor of 1115180632?
False
Is 533540950 a multiple of 785?
True
Does 127 divide 42573240?
False
Does 4 divide 1429268625?
False
Is 104 a factor of 277547843?
False
Does 1206 divide 923961315?
False
Is 524 a factor of 5806949?
False
Is 33435260 a multiple of 10?
True
Is 376 a factor of 2410161665?
False
Is 280595040 a multiple of 3135?
True
Does 4 divide 83406?
False
Does 3440 divide 276828510?
False
Is 88057340 a multiple of 938?
False
Is 2006 a factor of 100731290?
True
Is 49963106 a multiple of 67?
True
Is 17173110 a multiple of 39?
False
Is 250099395 a multiple of 15?
True
Does 126 divide 62800038?
True
Is 447 a factor of 47719400?
False
Is 1331430 a multiple of 3?
True
Is 14 a factor of 11803204?
True
Is 107230908 a multiple of 779?
True
Does 138 divide 818488074?
True
Is 3763 a factor of 71833056?
False
Does 81 divide 2211568029?
True
Is 2329477440 a multiple of 160?
True
Does 52 divide 177973224?
True
Is 140 a factor of 72938714?
False
Is 55111830 a multiple of 5?
True
Does 677 divide 763085966?
True
Does 94 divide 18900298?
True
Does 5107 divide 528349792?
True
Does 674 divide 70246976?
True
Is 313594610 a multiple of 4942?
True
Is 362823160 a multiple of 1855?
True
Is 195239527 a multiple of 1811?
False
Does 6754 divide 67209054?
True
Does 2427 divide 24862188?
True
Is 155219632 even?
True
Does 744 divide 125821570?
False
Does 10 divide 704825950?
True
Is 540 a factor of 167133780?
True
Is 42362000 a multiple of 2000?
True
Does 313 divide 67208239?
False
Does 43 divide 225261833?
False
Does 6 divide 1689870?
True
Is 423052245 a multiple of 84?
False
Is 1332 a factor of 55965312?
True
Does 4 divide 2775324?
True
Is 427118158 a multiple of 1299?
False
Does 215 divide 1146625428?
False
Is 8087 a factor of 2186874846?
False
Is 282896554 a multiple of 2194?
True
Is 2725974 a multiple of 71?
True
Is 1352275708 a multiple of 106?
True
Is 2753 a factor of 654250450?
True
Does 112 divide 9105325?
False
Is 59 a factor of 74260850?
False
Does 13 divide 891602941?
False
Is 80381660 a multiple of 5?
True
Is 6398447139 a multiple of 11?
False
Does 59 divide 2981624?
True
Is 119 a factor of 55221831?
True
Does 250 divide 4766750?
True
Does 136 divide 395732664?
True
Is 25 a factor of 13475025?
True
Is 21 a factor of 3580314675?
True
Does 89 divide 4603614?
True
Does 129 divide 9341922?
True
Is 535 a factor of 39287347?
False
Is 135 a factor of 50331883?
False
Does 21 divide 400706018?
False
Is 57 a factor of 1149765?
False
Does 158 divide 8447631?
False
Is 886 a factor of 1113280264?
True
Is 5 a factor of 1474021284?
False
Is 120 a factor of 234320924?
False
Does 37 divide 946672602?
True
Is 143302541 a multiple of 112?
False
Does 210 divide 178829514?
False
Does 2850 divide 311220745?
False
Does 18 divide 1877292763?
False
Is 112569963 a multiple of 3?
True
Is 3224028346 a multiple of 314?
False
Is 344302325 a multiple of 475?
True
Does 14 divide 341175814?
True
Is 36523283 a multiple of 7?
False
Is 8393896 a multiple of 437?
True
Is 553 a factor of 194494119?
False
Does 1748 divide 223136068?
False
Is 1474 a factor of 203732622?
False
Is 11 a factor of 33312598?
True
Does 2754 divide 1663473596?
False
Is 222733 a multiple of 677?
True
Is 3906206 a multiple of 4?
False
Is 11 a factor of 4702408194?
True
Is 3 a factor of 139686688?
False
Does 21 divide 1471932738?
False
Is 296 a factor of 24858583?
False
Is 308873306 a multiple of 674?
True
Is 7216940 a multiple of 145?
True
Is 4 a factor of 8199887?
False
Does 5 divide 239382823?
False
Does 3 divide 28686807?
True
Is 18 a factor of 17742383?
False
Is 1437329090 a multiple of 7990?
True
Is 540440759 a multiple of 2910?
False
Is 333 a factor of 460542137?
False
Does 301 divide 575782298?
True
Does 12 divide 1784763744?
True
Does 255 divide 80137830?
True
Does 43 divide 32762683?
False
Is 4178 a factor of 622856240?
True
Is 210928368 a multiple of 428?
False
Is 622 a factor of 19885340?
True
Is 799 a factor of 182092925?
False
Is 257802097 a multiple of 68?
False
Is 1347 a factor of 24612384?
True
Does 18 divide 694371715?
False
Is 31053132 a multiple of 162?
True
Is 224134613 a multiple of 4352?
False
Does 138 divide 144070344?
True
Is 41434758 a multiple of 18?
True
Is 31 a factor of 59082993?
True
Does 687 divide 101688638?
False
Is 15868 a factor of 5313137870?
False
Does 23 divide 110326037?
False
Does 1072 divide 57039262?
False
Does 1032 divide 30820680?
True
Does 56 divide 32388483?
False
Is 20428892 a multiple of 645?
False
Is 195048966 a multiple of 3?
True
Does 18 divide 33788719?
False
Does 4 divide 25923883?
False
Does 3 divide 9911326?
False
Is 522591149 a multiple of 60?
False
Is 247703586 a multiple of 78?
True
Is 130623168 a multiple of 944?
True
Is 478 a factor of 1405441227?
False
Is 1228096600 a multiple of 50?
True
Is 682413037 a multiple of 127?
True
Does 4 divide 7297700?
True
Is 26 a factor of 1291253400?
False
Is 20998775 a multiple of 34?
False
Does 249 divide 229407186?
True
Does 8 divide 61275787?
False
Does 30 divide 3429245328?
False
Does 22 divide 19386660?
False
Is 4 a factor of 89933942?
False
Does 60 divide 4808004240?
True
Does 20 divide 80403074?
False
Does 2269 divide 54943835?
True
Is 2 a factor of 2353491?
False
Does 3408 divide 787098048?
True
Does 273 divide 2776428003?
False
Is 334005471 a multiple of 23?
True
Is 575 a factor of 250427450?
True
Is 222641200 a multiple of 4?
True
Is 53847727 a multiple of 918?
False
Does 50 divide 4339887987?
False
Is 1687205370 a multiple of 2370?
True
Is 1495 a factor of 430205685?
True
Is 18784494 a multiple of 1520?
False
Does 424 divide 43831495?
False
Does 12 divide 101303497?
False
Is 249785508 a multiple of 321?
True
Does 119 divide 729352699?
False
Is 4 a factor of 48357545?
False
Does 137 divide 1420657120?
True
Is 153 a factor of 79111381?
False
Does 583 divide 22187345?
False
Is 14 a factor of 57010926?
True
Does 4997 divide 975744202?
True
Does 1464 divide 188036550?
False
Is 11 a factor of 582677442?
False
Is 1196 a factor of 106780076?
True
Is 781507545 a multiple of 169?
True
Is 65433432 a multiple of 2895?
False
Is 6044194 a multiple of 806?
True
Is 2056 a factor of 253550894?
False
Is 748 a factor of 119351489?
False
Does 2756 divide 167024624?
True
Is 556 a factor of 218757951?
False
Is 49 a factor of 1272567?
False
Is 553 a factor of 1965576?
False
Is 24863417 a multiple of 29?
False
Is 1061440479 a multiple of 99?
True
Does 957 divide 299771910?
False
Is 11 a factor of 54279643?
True
Does 2075 divide 127270691?
False
Does 8 divide 789045?
False
Is 37718325 a multiple of 323?
True
Is 1255 a factor of 1668699455?
True
Does 121 divide 93930242?
False
Does 1996 divide 761076796?
True
Does 30 divide 31047180?
True
Does 690 divide 10110570?
True
Is 13 a factor of 190631038?
True
Is 424848022 a multiple of 11?
False
Is 339 a factor of 2514691340?
False
Is 55 a factor of 83739755?
True
Is 346 a factor of 142766520?
True
Does 31 divide 339543485?
False
Is 2692785 a multiple of 4?
False
Is 4399096 a multiple of 3?
False
Does 39 divide 219721710?
True
Is 774 a factor of 225748710?
True
Does 1167 divide 84949242?
False
Does 19 divide 2145352203?
False
Is 38214012 a multiple of 6?
True
Is 2129917388 a multiple of 894?
False
Does 195 divide 119750264?
False
Does 295 divide 81789930?
True
Is 2276 a factor of 818390424?
True
Is 33373727 a multiple of 1047?
False
Is 99 a factor of 50827292?
False
Does 16 divide 3715618?
False
Is 631 a factor of 2846141378?
False
Is 49438611 a multiple of 9?
True
Is 66 a factor of 154894014?
